9
Let k(j) = 10*j**3 + 6*j**2 - 13*j + 5. Let c be k(4). Calculate the greatest common factor of c and 212.
53
Let o be 62 + (1 - 0)/(-1). Let x(b) = b**2 - 26*b - 743. Let m be x(47). What is the highest common divisor of o and m?
61
Suppose 0*s - s = -j - 19 - 21, -3*j = 0. What is the greatest common divisor of s and 2690?
10
Let d = -383 - -466. Let h = 692 - d. What is the highest common factor of h and 14?
7
Suppose o - 1073 = -2*w, -o + 4*w + 520 + 547 = 0. Calculate the highest common factor of 765 and o.
153
Suppose 5*i - 707 = -3*d, -16 = 4*i - 20. Calculate the greatest common divisor of 1274 and d.
26
Let n = -865 - -422. Let k = n - -458. Calculate the greatest common divisor of 12 and k.
3
Let u be (444240/150)/((-14)/(-35)). Calculate the greatest common divisor of u and 12.
12
Let t(q) = -3 + 4 + 2*q - 4*q - q**2 + 2. Let f be t(0). Suppose 4*z - 12 = -4*v, -v + f + 24 = 4*z. What is the greatest common divisor of 16 and z?
8
Let y be (-8)/(-44) + ((-68)/11 - -2). Let j = 0 - y. Let t be (4 - 1) + j + -2. What is the greatest common divisor of t and 40?
5
Let m = 1047 - 977. What is the greatest common factor of m and 2065?
35
Suppose -9222 = -12*v + 8754. Calculate the highest common divisor of v and 535.
107
Let a = 15161 + -15026. Calculate the highest common divisor of 1095 and a.
15
Suppose 3*o = 3*c - 15510, -2*c + 1525 + 8835 = 2*o. What is the highest common factor of 25 and c?
25
Let r(b) = -b**3 + 9*b**2 + 9*b + 7. Let n be r(8). Suppose -155 + n = -3*j. Let c = 14 + 6. Calculate the greatest common factor of j and c.
4
Suppose 26*h - 4*h = -132. Let t be (135/(-2))/(1 + 7/h). What is the highest common divisor of t and 45?
45
Let s = -60 + 42. Let b be s/(-81) + (-524)/9. Let y = 90 + b. Calculate the highest common divisor of y and 160.
32
Suppose 76*l - 89646 = -58*l. Calculate the greatest common factor of 39 and l.
3
Let x be ((6/2)/9)/((-11)/(-66)). Let y(b) = -22*b**2 + 50*b**x - 4*b + 17 - 24*b**2 + 3*b. Let n be y(-4). Calculate the greatest common factor of n and 34.
17
Let p = 162 - 144. Let h(k) = 12*k**3 - 2*k**2 + 2*k + 4. Let y be h(3). Suppose y = -13*f + 1603. What is the greatest common factor of f and p?
9
Let v = -19 - -43. Let g = 1127 - 623. Let y = g - 288. What is the highest common factor of v and y?
24
Suppose -43*c + 9*c = 12*c - 276. Calculate the greatest common factor of 2586 and c.
6
Let b(q) = -15*q + 590. Let i be b(-28). Calculate the greatest common divisor of 170 and i.
10
Let q(x) = 49*x - 1228. Let h be q(26). Suppose -b + 3 = -2*c + 10, -3*b = -2*c + 13. Calculate the highest common divisor of h and c.
2
Let i be 1/(-12 - 2977/(-247)). Let m = -24 + 5. Let a = 38 + m. What is the greatest common factor of i and a?
19
Suppose -3*g + j = -6276, 2*g + 5*j = 2*j + 4162. Calculate the greatest common divisor of g and 19.
19
Let o(q) = 12*q**2 + 2*q - 4. Let v be o(-4). Let k be (-39)/312 + 805/40. Calculate the greatest common divisor of v and k.
20
Let w be (-4)/(128/(-440)) + (-3)/(-12). Suppose f = w*f - 819. What is the highest common factor of f and 399?
21
Let n = 26445 - 26005. Let p(x) = 2*x**2 + 3*x - 4. Let o be p(4). Calculate the highest common divisor of o and n.
40
Let i = 94 + -43. Suppose i = 11*n - 873. Calculate the greatest common factor of 36 and n.
12
Let l(y) = 2*y**3 - 83*y**2 - 162*y - 32. Let g be l(49). Calculate the highest common factor of g and 71.
71
Let i = 26685 - 26609. Calculate the greatest common divisor of 3667 and i.
19
Suppose 13*t + 3890 = 3*t. Let h = 131 + t. Let z = h - -366. What is the greatest common divisor of z and 12?
12
Let u(o) = -o**3 - 4*o - 3. Let b = 26 + -28. Let m be u(b). Let a be (-13)/(m/(-30)) - 4. Calculate the greatest common divisor of 78 and a.
26
Suppose 3*h + 3*g - 7758 = 0, 420*h + 2610 = 421*h - 3*g. What is the highest common factor of 9 and h?
9
Let g = 26 - 8. Let c be 2/(-3*(-3)/g). Suppose 0 = -l - 10*x + 12*x - 6, -3*l = -x - 7. Calculate the greatest common factor of c and l.
4
Let f(y) = y**3 + 2*y**2 - 573. Let k be f(0). Let h = 781 + k. What is the highest common divisor of 52 and h?
52
Suppose -3*i = -2*g - 12, 5*i - 12*g = -11*g + 20. Suppose 3*z + 3*q = 1734, -z - 2*q + 572 = -i*q. What is the highest common divisor of 18 and z?
18
Let u(v) = 2*v**3 - 30*v**2 - 23*v + 32. Let f be u(17). Suppose -16*s + f + 195 = 0. Calculate the highest common divisor of s and 31.
31
Let w(m) = 64*m - 235. Let i be w(4). Let r be 4 - (4 - 1) - -7. Let d be (-56)/(-42)*18/r. What is the greatest common factor of d and i?
3
Let o = -3738 - -3786. Suppose 393 + 231 = 3*b. Calculate the greatest common factor of b and o.
16
Let v be (-4 + 5 - -2)*(-784)/(-48). Calculate the greatest common factor of v and 147.
49
Suppose -666 = -2*f - 0*u - 3*u, 0 = -4*f - u + 1342. Suppose f = -93*h + 101*h. Calculate the highest common divisor of h and 56.
14
Suppose -19*v - 32 = -21*v. Suppose -2*w = -4*w - 2*k + 38, w - 2*k - 22 = 0. Calculate the greatest common factor of v and w.
4
Suppose 4 = 3*q - 2. Suppose -q*j - 3*j = -90. Let s(o) = o**2 - 11*o - 57. Let p be s(-6). What is the highest common divisor of p and j?
9
Suppose -2*z + 572 = 5*n, 5*z + 177 = 5*n - 388. Suppose -n = -f + 4*f. Let w = f + 49. What is the greatest common divisor of w and 55?
11
Suppose 9*h = -543 + 174. Let o(a) = -a**2 - 41*a + 16. Let s be o(h). What is the greatest common factor of 512 and s?
16
Let p(d) = -d**2 - 63*d - 41. Let t be p(-16). Calculate the greatest common factor of t and 79.
79
Let c(k) = -k**3 - 7*k**2 - 5*k - 8. Let h be c(-7). Let g be (2 + -1)/((-42)/(-441) + 10/(-252)). Calculate the highest common divisor of g and h.
9
Suppose w - 6*w + 257 = -4*r, -w = 5*r - 34. Suppose -3*f - 2 = -4*h - 85, -h = f - 16. Calculate the highest common divisor of f and w.
7
Let q = -18124 - -18452. What is the greatest common factor of q and 35096?
328
Let w be 37 - ((-20)/25 + (-2)/10). Let h = 41 - w. Suppose 2*u + 3*q - 56 = 0, -4*u + 106 = h*q - 0*q. What is the highest common divisor of u and 5?
5
Let o(f) = 4*f - 42. Suppose v = -5*v + 13*v. Suppose -t = 5*d - 59, v*d = 2*d - 4*t - 28. Let m be o(d). What is the greatest common factor of 24 and m?
6
Suppose -5*p = -p + 4, 0 = 5*v - p - 9601. Suppose -7*z = -z - v. Calculate the greatest common factor of 40 and z.
40
Suppose -616 = 3*w - 14*w. Suppose -o - w + 188 = 0. Calculate the highest common divisor of 176 and o.
44
Let t be (12 - 16)*(-120 - (1 + -3)). Calculate the greatest common divisor of t and 413.
59
Let x(l) = -l**3 - 5*l**2 - 6. Suppose -17*q = -13*q + 24. Let f be x(q). What is the greatest common factor of f and 45?
15
Let w(b) be the second derivative of 3*b**5/20 + 3*b**4/2 + b**3/6 + 13*b**2/2 + 109*b. Let y be w(-6). Calculate the highest common factor of y and 161.
7
Let b = -16619 + 17839. Calculate the greatest common factor of 44 and b.
4
Let g = 2881 - 2436. What is the highest common factor of g and 267?
89
Let s = 15 - 21. Let i = s - 25. Let r = 48 + i. What is the highest common divisor of r and 17?
17
Suppose -k = 5*w - 6456, -4*w + 5*k + 5148 = 3*k. What is the highest common factor of w and 70?
10
Let b = 2 + 1. Suppose -4*h + 232 = 4*l, -l = -b + 1. Suppose -2*g - 54 = 33*v - 37*v, -2*g + 42 = 2*v. Calculate the highest common divisor of v and h.
8
Suppose -266 = -9*s + 49. Suppose 0*i = 5*i + 2*z - 31, -5*z = -2*i - 5. Suppose -i*u + 0*u = -35. Calculate the highest common divisor of s and u.
7
Let o be (-4)/12 - (-217)/21. Let z(d) = d**3 + 6*d**2 + 3*d + 6. Let v be z(-5). Let w be (v + -15)*10/1. Calculate the highest common divisor of o and w.
10
Suppose -4*n - 24 = -4, 0 = 3*b - 3*n - 519. Let y = -1140 + 1283. Suppose 5*v = -y + b. Calculate the highest common factor of 5 and v.
5
Let d be -4 - ((-20)/(-30) + (-1592)/(-6)). Let s = d - -307. What is the greatest common factor of 333 and s?
37
Suppose 12*d = x + 13*d - 149, 268 = 2*x - 3*d. Calculate the highest common factor of x and 182.
13
Let q = -33 - -21. Let h = q + 52. Let z be (-6)/8 - (-270)/h. What is the highest common factor of z and 15?
3
Let u = -66 + 66. Suppose -24*n + 19*n + 1520 = u. Let a = n - 192. What is the highest common divisor of a and 14?
14
Let b be ((-1)/(21/(-12)))/((-